{"id":16,"date":"2023-01-10T10:04:46","date_gmt":"2023-01-10T10:04:46","guid":{"rendered":"https:\/\/ladansedehyunah.fr\/?page_id=16"},"modified":"2026-03-04T15:57:23","modified_gmt":"2026-03-04T14:57:23","slug":"biodanza","status":"publish","type":"page","link":"https:\/\/ladansedehyunah.fr\/index.php\/biodanza\/","title":{"rendered":"Biodanza\u00ae \u00e0 Lyon 1er"},"content":{"rendered":"\n<p><em>La Biodanza<\/em>\u00ae <em>est n\u00e9e dans les ann\u00e9es 60 en Am\u00e9rique Latine. Cr\u00e9\u00e9e par Rolando Toro Araneda , n\u00e9 au Chili en 1924 qui  a \u00e9t\u00e9 psychologue, anthropologue, instituteur et po\u00e8te.<\/em> Au Br\u00e9sil , <em>la Biodanza\u00ae est consid\u00e9r\u00e9e comme un compl\u00e9ment de la m\u00e9decine , elle peut s<em>\u2019appliquer \u00e9galement \u00e0 titre pr\u00e9ventif pour la sant\u00e9<\/em><\/em>.<\/p>\n\n\n\n<p><strong>C&rsquo;est quoi la Biodanza ?<\/strong><\/p>\n\n\n\n<p>La Biodanza\u00ae est une p\u00e9dagogie de l&rsquo;art de vivre . C&rsquo;est un processus de transformation.<\/p>\n\n\n\n<p>Elle se situe \u00e0 la crois\u00e9e entre les lignes trac\u00e9es par l\u2019ensemble des sciences humaines : anthropologie, sociologie, et naturelles biologie, physiologie, neuroscience et psychologie.<\/p>\n\n\n\n<p>Biodanza\u00ae c\u2019est \u00abla danse de la vie\u00bb.&nbsp; Elle permet de tisser des liens avec des personnes de diff\u00e9rents horizons. Offrir un espace convivial dans un groupe chaleureux et s\u00e9cure, danser sur des musiques du monde, latinos, africaines, anglaises\u2026<\/p>\n\n\n\n<p>C\u2019est \u00e0 travers une pratique r\u00e9guli\u00e8re et progressive que la Biodanza\u00ae  peut avoir&nbsp;&nbsp;des effets th\u00e9rapeutiques sur le plan physiologique, biologique et psychologique.&nbsp;<\/p>\n\n\n\n<figure class=\"wp-block-image aligncenter size-large is-resized is-style-default\"><img loading=\"lazy\" decoding=\"async\" width=\"1024\" height=\"724\" src=\"https:\/\/ladansedehyunah.fr\/wp-content\/uploads\/2023\/01\/EBG-12-1024x724.jpg\" alt=\"biodanza session\" class=\"wp-image-79\" style=\"width:534px;height:378px\" srcset=\"https:\/\/ladansedehyunah.fr\/wp-content\/uploads\/2023\/01\/EBG-12-1024x724.jpg 1024w, https:\/\/ladansedehyunah.fr\/wp-content\/uploads\/2023\/01\/EBG-12-300x212.jpg 300w, https:\/\/ladansedehyunah.fr\/wp-content\/uploads\/2023\/01\/EBG-12-768x543.jpg 768w, https:\/\/ladansedehyunah.fr\/wp-content\/uploads\/2023\/01\/EBG-12-1536x1086.jpg 1536w, https:\/\/ladansedehyunah.fr\/wp-content\/uploads\/2023\/01\/EBG-12.jpg 1754w\" sizes=\"auto, (max-width: 1024px) 100vw, 1024px\" \/><\/figure>\n\n\n\n<p><strong><em>Les effets de la Biodanza<\/em>\u00ae <em>:&nbsp;<\/em><\/strong><\/p>\n\n\n\n<p>Augmentation de l\u2019estime de soi, confiance en soi, renforcement de l\u2019identit\u00e9, l\u00e2cher prise,  rel\u00e2chement des tensions, diminution du stress et anxi\u00e9t\u00e9, sommeil r\u00e9parateur . <\/p>\n\n\n\n<p>Elle agit sur l\u2019humeur , apporte la joie de vivre, et offre la possibilit\u00e9 d&rsquo;exprimer nos \u00e9motions, elle r\u00e9veille nos potentiels endormis.<\/p>\n\n\n\n<p>Elle agit sur notre sant\u00e9 : en renforcement du syst\u00e8me immunitaire, l&rsquo; am\u00e9lioration de l\u2019\u00e9tat psychique,  la sensation de bien \u00eatre.<\/p>\n\n\n\n<p><strong>Une pratique r\u00e9guli\u00e8re de la Biodanza\u00ae permet de&nbsp;:<\/strong><\/p>\n\n\n\n<p>Pr\u00e9venir certains troubles psychosomatiques.<\/p>\n\n\n\n<p>Red\u00e9couvrir le plaisir du mouvement.<\/p>\n\n\n\n<p>Am\u00e9liorer la sant\u00e9 et l\u2019\u00e9quilibre de vie en diminuant le stress et les tensions. <\/p>\n\n\n\n<p>D\u00e9velopper la confiance et l&rsquo;estime de soi. <\/p>\n\n\n\n<p>R\u00e9veiller sa cr\u00e9ativit\u00e9 et la capacit\u00e9 \u00e0 l\u2019exprimer. <\/p>\n\n\n\n<p>Stimuler la joie de vivre.<\/p>\n\n\n\n<p>Lib\u00e9rer les potentiels qui ont \u00e9t\u00e9 inhib\u00e9s d\u00fb \u00e0 notre \u00e9ducation et notre environnement. <\/p>\n\n\n\n<p>Se connecter \u00e0 ses \u00e9motions. <\/p>\n\n\n\n<p>Pouvoir poser ses limites.<\/p>\n\n\n\n<p>Faire des choix existentiels et r\u00e9pondre \u00e0 nos besoins.<\/p>\n\n\n\n<p>Cr\u00e9er des relations&nbsp;authentiques et renforcer des liens avec les autres&#8230;<\/p>\n\n\n\n<p>Pas besoin de savoir danser, se laisser \u00e9mouvoir, sentir l\u2019expression&nbsp;&nbsp;de la vie comme forme d\u2019art \u00e0 travers la musique&nbsp;dans tout son \u00eatre.<\/p>\n\n\n\n<p class=\"has-text-align-center\"><strong>\u00ab&nbsp;\ucda4\uc740&nbsp;\uc0b4\uc544\uac00\ub294&nbsp;\uc6b0\ub9ac\uc758&nbsp;\ub2f9\uc5f0\ud55c&nbsp;\uae30\uc068\uc758&nbsp;\ud45c\ud604\uc774\ub2e4\u201d<\/strong><\/p>\n\n\n\n<p class=\"has-text-align-center\"><em>\u00ab&nbsp;La danse est l\u2019expression de notre joie l\u00e9gitime de vivre<\/em>&nbsp;\u00bb. Rolando Toro<\/p>\n\n\n\n<p><strong><em>Curieux d\u2019en savoir plus? Venez danser avec nous et vivre cette exp\u00e9rience !&nbsp;<\/em><\/strong><\/p>\n\n\n\n<p>Cours hebdomadaires tous les mardis soirs de 19H \u00e0 21H<em> <\/em>au c\u0153ur de Lyon 1er (place des Terreaux), Salle Anou skan 1 rue Sainte Marie des Terreaux<em>.<\/em> Anim\u00e9 par C\u00e9cile Hocd\u00e9, professeure de Biodanza\u00ae.<\/p>\n\n\n\n<p>Aucune capacit\u00e9 ni connaissance particuli\u00e8re et condition physique n\u2019est requise pour participer \u00e0 une s\u00e9ance ! La Biodanza\u00ae  s\u2019adresse \u00e0 tout public.<\/p>\n\n\n\n<p>Un entretien est obligatoire pour toute inscription \u00e0 l&rsquo;ann\u00e9e .<\/p>\n\n\n\n<p><em>Merci de signaler lors de votre inscription  d\u2019\u00e9ventuelles limitations et \u00e9tat de sant\u00e9  :  traitement,  troubles de l\u2019\u00e9quilibre, troubles de l\u2019humeur, maladies invalidantes,\u2026). <\/em><\/p>\n\n\n\n<figure class=\"wp-block-image size-large\"><img loading=\"lazy\" decoding=\"async\" width=\"1024\" height=\"576\" src=\"https:\/\/ladansedehyunah.fr\/wp-content\/uploads\/2024\/04\/Copie-de-Presentation-Basique-et-Simple-Gouttes-Pastel1-1024x576.jpg\" alt=\"\" class=\"wp-image-512\" srcset=\"https:\/\/ladansedehyunah.fr\/wp-content\/uploads\/2024\/04\/Copie-de-Presentation-Basique-et-Simple-Gouttes-Pastel1-1024x576.jpg 1024w, https:\/\/ladansedehyunah.fr\/wp-content\/uploads\/2024\/04\/Copie-de-Presentation-Basique-et-Simple-Gouttes-Pastel1-300x169.jpg 300w, https:\/\/ladansedehyunah.fr\/wp-content\/uploads\/2024\/04\/Copie-de-Presentation-Basique-et-Simple-Gouttes-Pastel1-768x432.jpg 768w, https:\/\/ladansedehyunah.fr\/wp-content\/uploads\/2024\/04\/Copie-de-Presentation-Basique-et-Simple-Gouttes-Pastel1-1536x864.jpg 1536w, https:\/\/ladansedehyunah.fr\/wp-content\/uploads\/2024\/04\/Copie-de-Presentation-Basique-et-Simple-Gouttes-Pastel1.jpg 1920w\" sizes=\"auto, (max-width: 1024px) 100vw, 1024px\" \/><\/figure>\n\n\n\n<p><em><br><\/em><strong>formation suivie :<\/strong><\/p>\n\n\n\n<p>C\u00e9cile Hocd\u00e9 s&rsquo;est form\u00e9e aux diff\u00e9rentes applications , extensions et formations continue en Biodanza\u00ae . Elle se forme constamment dans le but de renforcer et d&rsquo;enrichir sa pratique professionnelle. Pour \u00e9tayer sa pratique, des supervisions pourront s&rsquo;effectuer durant certains ateliers dans l&rsquo;ann\u00e9e. <\/p>\n\n\n\n<ul class=\"wp-block-list\">\n<li>Biodanza\u00ae enfants et adolescents avec Alejandro Toro Balbi .<\/li>\n\n\n\n<li>Laboratoire et cr\u00e9ativit\u00e9 avec Roger et Bettina Terren.<\/li>\n\n\n\n<li>Int\u00e9gration F\u00e9minin profond avec Myrthes Gonzalez.<\/li>\n\n\n\n<li>Biodanza\u00ae et po\u00e9sie : le journal biocr\u00e9atif avec Maria del Pilar Amaya.<\/li>\n\n\n\n<li>L&rsquo;art de faciliter  avec Raul et Veronica Toro.<\/li>\n\n\n\n<li>Biodanza\u00ae et Th\u00e9orie polyvagale avec Marie Claire Martinez.<\/li>\n\n\n\n<li>Biodanza\u00ae et arbre des d\u00e9sirs avec H\u00e9l\u00e8ne Levy Benseft .<\/li>\n\n\n\n<li>Biodanza\u00ae Origine (rena\u00eetre) avec Silvia Eick<\/li>\n\n\n\n<li>Biodanza\u00ae Identit\u00e9 et Estime de soi avec H\u00e9l\u00e8ne Levy Benseft ( en cours) .<\/li>\n<\/ul>\n\n\n\n<p><\/p>\n\n\n\n<blockquote class=\"wp-block-quote is-layout-flow wp-block-quote-is-layout-flow\">\n<p><em>Interview Biodanza avec C\u00e9cile Hocd\u00e9 et Monica Gallardo .<\/em><\/p>\n<cite>Radio plurielle avril 2022 <em>Echos d&rsquo; Am\u00e9rique Latine.<\/em><\/cite><\/blockquote>\n\n\n\n<div class=\"wp-block-group is-layout-flow wp-block-group-is-layout-flow\">\n<p><iframe loading=\"lazy\" title=\"Interview Biodanza 9\/04\/22\" width=\"100%\" height=\"120\" src=\"https:\/\/www.mixcloud.com\/widget\/iframe\/?feed=https%3A%2F%2Fwww.mixcloud.com%2Fechos-d-amerique-latine%2Finterview-biodanza%2F&amp;hide_cover=1\" frameborder=\"0\" allow=\"encrypted-media; fullscreen; autoplay; idle-detection; speaker-selection; web-share;\"><\/iframe><\/p>\n<\/div>\n\n\n\n<p>interview en 2023 \u00c9chos d&rsquo;Am\u00e9rique Latine sur radio plurielle.<\/p>\n\n\n\n<p><iframe loading=\"lazy\" title=\"Echos 18 De Noviembre 2023 - Biodanza N\u00b02\" width=\"100%\" height=\"120\" src=\"https:\/\/www.mixcloud.com\/widget\/iframe\/?feed=https%3A%2F%2Fwww.mixcloud.com%2Fechos-d-amerique-latine%2Fechos-18-de-noviembre-2023-biodanza-n2%2F&amp;hide_cover=1\" frameborder=\"0\" allow=\"encrypted-media; fullscreen; autoplay; idle-detection; speaker-selection; web-share;\"><\/iframe><\/p>\n\n\n\n<p>Interview en 2026 avec \u00e9chos Am\u00e9rique Latine  : Les bienfaits de la Biodanza  ( T\u00e9moignages des participantes avec Esther, Val\u00e9ria, Mathilde et Sophie en fran\u00e7ais, espagnol et portugais ) . <\/p>\n\n\n\n<figure class=\"wp-block-embed is-type-rich is-provider-mixcloud wp-block-embed-mixcloud wp-embed-aspect-21-9 wp-has-aspect-ratio\"><div class=\"wp-block-embed__wrapper\">\n<iframe loading=\"lazy\" title=\"Ecos 24 De Enero 2026 - Biodanza #3\" width=\"100%\" height=\"120\" src=\"https:\/\/www.mixcloud.com\/widget\/iframe\/?feed=https%3A%2F%2Fwww.mixcloud.com%2Fechos-d-amerique-latine%2Fecos-24-de-enero-2026-biodanza-3%2F&amp;hide_cover=1\" frameborder=\"0\" allow=\"encrypted-media; fullscreen; autoplay; idle-detection; speaker-selection; web-share;\"><\/iframe>\n<\/div><\/figure>\n\n\n\n<p><\/p>\n\n\n\n<p><\/p>\n","protected":false},"excerpt":{"rendered":"<p>La Biodanza\u00ae est n\u00e9e dans les ann\u00e9es 60 en Am\u00e9rique Latine. Cr\u00e9\u00e9e par Rolando Toro Araneda , n\u00e9 au Chili en 1924 qui a \u00e9t\u00e9 psychologue, anthropologue, instituteur et po\u00e8te. Au Br\u00e9sil , la Biodanza\u00ae est consid\u00e9r\u00e9e comme un compl\u00e9ment de la m\u00e9decine , elle peut s\u2019appliquer \u00e9galement \u00e0 titre pr\u00e9ventif pour la sant\u00e9. C&rsquo;est [&hellip;]<\/p>\n","protected":false},"author":1,"featured_media":0,"parent":0,"menu_order":0,"comment_status":"closed","ping_status":"closed","template":"","meta":{"_themeisle_gutenberg_block_has_review":false,"footnotes":""},"class_list":["post-16","page","type-page","status-publish","hentry"],"_links":{"self":[{"href":"https:\/\/ladansedehyunah.fr\/index.php\/wp-json\/wp\/v2\/pages\/16","targetHints":{"allow":["GET"]}}],"collection":[{"href":"https:\/\/ladansedehyunah.fr\/index.php\/wp-json\/wp\/v2\/pages"}],"about":[{"href":"https:\/\/ladansedehyunah.fr\/index.php\/wp-json\/wp\/v2\/types\/page"}],"author":[{"embeddable":true,"href":"https:\/\/ladansedehyunah.fr\/index.php\/wp-json\/wp\/v2\/users\/1"}],"replies":[{"embeddable":true,"href":"https:\/\/ladansedehyunah.fr\/index.php\/wp-json\/wp\/v2\/comments?post=16"}],"version-history":[{"count":51,"href":"https:\/\/ladansedehyunah.fr\/index.php\/wp-json\/wp\/v2\/pages\/16\/revisions"}],"predecessor-version":[{"id":1165,"href":"https:\/\/ladansedehyunah.fr\/index.php\/wp-json\/wp\/v2\/pages\/16\/revisions\/1165"}],"wp:attachment":[{"href":"https:\/\/ladansedehyunah.fr\/index.php\/wp-json\/wp\/v2\/media?parent=16"}],"curies":[{"name":"wp","href":"https:\/\/api.w.org\/{rel}","templated":true}]}}