{"id":547,"date":"2024-04-15T19:22:42","date_gmt":"2024-04-15T18:22:42","guid":{"rendered":"https:\/\/ladansedehyunah.fr\/?page_id=547"},"modified":"2024-07-17T18:58:30","modified_gmt":"2024-07-17T17:58:30","slug":"groupe-de-parole-et-biodanza","status":"publish","type":"page","link":"https:\/\/ladansedehyunah.fr\/index.php\/groupe-de-parole-et-biodanza\/","title":{"rendered":"Groupe de parole et Biodanza\u00ae."},"content":{"rendered":"\n<p>\u00c0 partir de la rentr\u00e9e, un groupe de parole sera propos\u00e9 pour des personnes victimes de toutes formes de violences (sexuelles, conjugales, psychologiques, financi\u00e8res\u2026), en int\u00e9grant de la danse expressive (la Biodanza\u00ae) au travers de 09 rencontres par an.<\/p>\n\n\n\n<p>Il a pour objectif&nbsp;:<\/p>\n\n\n\n<p>Se remettre en mouvement l\u00e0 o\u00f9 il y eu effraction du corps.<\/p>\n\n\n\n<p>R\u00e9habiliter un mieux-\u00eatre.<\/p>\n\n\n\n<p>Restaurer son int\u00e9grit\u00e9.<\/p>\n\n\n\n<p>Pouvoir se reconnecter \u00e0 ses ressources et \u00e0 ses \u00e9motions.<\/p>\n\n\n\n<p>Retrouver l\u2019estime de soi et confiance.<\/p>\n\n\n\n<p>Mettre du sens sur ce qui a \u00e9t\u00e9 v\u00e9cu et sur son exp\u00e9rience.<\/p>\n\n\n\n<p>Afin de devenir actrice de sa vie et pouvoir sortir du cycle de la violence et retrouver son \u00e9lan de vie.<\/p>\n\n\n\n<p>Cet atelier se d\u00e9clinera&nbsp;en deux temps :<\/p>\n\n\n\n<p>Un temps de parole et suivi d\u2019un temps de danse expressive comme m\u00e9diation artistique.<\/p>\n\n\n\n<p>Groupe de 6 \u00e0 8 femmes.<\/p>\n\n\n\n<p>L\u2019engagement est tr\u00e8s important afin que le processus de transformation puisse avoir lieu et permet de s\u00e9curiser le groupe.<\/p>\n\n\n\n<p>Ces temps de rencontres sont compl\u00e9mentaires et s\u2019articulent \u00e0 tous types de d\u00e9marches th\u00e9rapeutiques individuelles.<\/p>\n\n\n\n<p>Un cycle de 9 rencontres auront lieu \u00e0 Lyon 1er, un samedi apr\u00e8s-midi par mois de 14h \u00e0 17h avec une th\u00e9matique sp\u00e9cifique.<\/p>\n\n\n\n<p>Ce cycle sera anim\u00e9 par C\u00e9cile Hocd\u00e9, professeure de Biodanza et Myriam Marcet, psychanalyste. Nous mettons en commun nos comp\u00e9tences et nos exp\u00e9riences pour soutenir tout au long de ces rencontres.<\/p>\n\n\n\n<p><em>Un entretien individuel pr\u00e9alable est obligatoire avant le d\u00e9but du cycle avec les femmes int\u00e9ress\u00e9es .<\/em><\/p>\n\n\n\n<p>Qui sommes nous?<\/p>\n\n\n\n<p><strong>Cecile Hocd\u00e9,<\/strong> Professeure de Biodanza. Fom\u00e9e \u00e0 l&rsquo;\u00e9cole de Biodanza de Gen\u00e8ve. Je me suis form\u00e9e en Analyse transg\u00e9n\u00e9rationnelle, psychog\u00e9n\u00e9alogie, journal bio cr\u00e9atif, photo langage, au psychodrame Analytique de groupe. Form\u00e9e \u00e0 la FPP par la pratique en psychologie \u00e0 l\u2019universit\u00e9 Lyon 2. Je me forme actuellement aux constellations familiales syst\u00e9miques. Je continue toujours \u00e0 me former afin d\u2019acqu\u00e9rir des connaissances et approfondir ma pratique professionnelle. Passionn\u00e9 par le d\u00e9veloppement humain, les m\u00e9diations artistiques, la psychologie. Je travaille dans le social.<\/p>\n\n\n\n<p><strong>Myriam Marcet<\/strong>, Psychanalyste certifi\u00e9e, form\u00e9e et certifi\u00e9e \u00e0 diverses pratiques d&rsquo;accompagnement psycho-corporel, mon chemin&nbsp;m\u2019a conduit, pendant pr\u00e8s de 30 ans, \u00e0 accompagner en s\u00e9ance individuel et en groupe, des enfants et des adultes en situation de pr\u00e9carit\u00e9 ou d&rsquo;urgence sanitaire et sociale, \u00e0 superviser et former les professionnels et b\u00e9n\u00e9voles travaillant aupr\u00e8s de ces publics dans les secteurs social et \u00e9ducatif en France, au Pakistan, en Inde et au Cambodge. Passionn\u00e9e par l\u2019\u00e9panouissement de l\u2019humain et le sens de la vie, sensible \u00e0 la Nature, ma premi\u00e8re \u00e9cole est celle de la Vie. Elle est mon inspiration, ma plus grande enseignante. Mon art est d\u2019accompagner le sujet analysant, dans son processus d\u2019exploration int\u00e9rieure et de meilleure connaissance de soi afin de devenir un veilleur responsable et bienveillant de lui-m\u00eame et mieux se relier au monde avec confiance.<\/p>\n\n\n\n<p>Ce projet est port\u00e9 par C\u00e9cile Hocd\u00e9. <\/p>\n\n\n\n<p><\/p>\n\n\n\n<blockquote class=\"wp-block-quote is-layout-flow wp-block-quote-is-layout-flow\">\n<p>\u00ab\u00a0<em>La danse a la capacit\u00e9 de nous amener dans la maison de notre \u00eatre, dans le monde \u00e0 l&rsquo;int\u00e9rieur duquel nous n&rsquo;avons plus de nom. Le mouvement va chercher notre plus profonde nature, et la danse l&rsquo;exprime. \u00ab\u00a0<\/em><\/p>\n<cite>Anna Halprin <em>danseuse et chor\u00e9graphe<\/em><\/cite><\/blockquote>\n\n\n\n<p>Pour plus d&rsquo;informations <\/p>\n\n\n\n<p>Cecile Hocd\u00e9  07 82 90 68 95 <\/p>\n\n\n\n<p>Myriam Marcet  06 41 40 53 47<\/p>\n\n\n\n<p>ladansedehyunah@gmail.com<\/p>\n\n\n\n<figure class=\"wp-block-image size-large is-resized\"><img loading=\"lazy\" decoding=\"async\" width=\"724\" height=\"1024\" src=\"https:\/\/ladansedehyunah.fr\/wp-content\/uploads\/2024\/07\/1-2-724x1024.jpg\" alt=\"\" class=\"wp-image-748\" style=\"width:552px;height:auto\" srcset=\"https:\/\/ladansedehyunah.fr\/wp-content\/uploads\/2024\/07\/1-2-724x1024.jpg 724w, https:\/\/ladansedehyunah.fr\/wp-content\/uploads\/2024\/07\/1-2-212x300.jpg 212w, https:\/\/ladansedehyunah.fr\/wp-content\/uploads\/2024\/07\/1-2-768x1086.jpg 768w, https:\/\/ladansedehyunah.fr\/wp-content\/uploads\/2024\/07\/1-2-1086x1536.jpg 1086w, https:\/\/ladansedehyunah.fr\/wp-content\/uploads\/2024\/07\/1-2.jpg 1414w\" sizes=\"auto, (max-width: 724px) 100vw, 724px\" \/><\/figure>\n\n\n\n<figure class=\"wp-block-image size-large is-resized\"><img loading=\"lazy\" decoding=\"async\" width=\"724\" height=\"1024\" src=\"https:\/\/ladansedehyunah.fr\/wp-content\/uploads\/2024\/07\/2-1-724x1024.jpg\" alt=\"\" class=\"wp-image-749\" style=\"width:558px;height:auto\" srcset=\"https:\/\/ladansedehyunah.fr\/wp-content\/uploads\/2024\/07\/2-1-724x1024.jpg 724w, https:\/\/ladansedehyunah.fr\/wp-content\/uploads\/2024\/07\/2-1-212x300.jpg 212w, https:\/\/ladansedehyunah.fr\/wp-content\/uploads\/2024\/07\/2-1-768x1086.jpg 768w, https:\/\/ladansedehyunah.fr\/wp-content\/uploads\/2024\/07\/2-1-1086x1536.jpg 1086w, https:\/\/ladansedehyunah.fr\/wp-content\/uploads\/2024\/07\/2-1.jpg 1414w\" sizes=\"auto, (max-width: 724px) 100vw, 724px\" \/><\/figure>\n","protected":false},"excerpt":{"rendered":"<p>\u00c0 partir de la rentr\u00e9e, un groupe de parole sera propos\u00e9 pour des personnes victimes de toutes formes de violences (sexuelles, conjugales, psychologiques, financi\u00e8res\u2026), en int\u00e9grant de la danse expressive (la Biodanza\u00ae) au travers de 09 rencontres par an. Il a pour objectif&nbsp;: Se remettre en mouvement l\u00e0 o\u00f9 il y eu effraction du corps. [&hellip;]<\/p>\n","protected":false},"author":1,"featured_media":0,"parent":0,"menu_order":0,"comment_status":"closed","ping_status":"closed","template":"","meta":{"_themeisle_gutenberg_block_has_review":false,"footnotes":""},"class_list":["post-547","page","type-page","status-publish","hentry"],"_links":{"self":[{"href":"https:\/\/ladansedehyunah.fr\/index.php\/wp-json\/wp\/v2\/pages\/547","targetHints":{"allow":["GET"]}}],"collection":[{"href":"https:\/\/ladansedehyunah.fr\/index.php\/wp-json\/wp\/v2\/pages"}],"about":[{"href":"https:\/\/ladansedehyunah.fr\/index.php\/wp-json\/wp\/v2\/types\/page"}],"author":[{"embeddable":true,"href":"https:\/\/ladansedehyunah.fr\/index.php\/wp-json\/wp\/v2\/users\/1"}],"replies":[{"embeddable":true,"href":"https:\/\/ladansedehyunah.fr\/index.php\/wp-json\/wp\/v2\/comments?post=547"}],"version-history":[{"count":22,"href":"https:\/\/ladansedehyunah.fr\/index.php\/wp-json\/wp\/v2\/pages\/547\/revisions"}],"predecessor-version":[{"id":822,"href":"https:\/\/ladansedehyunah.fr\/index.php\/wp-json\/wp\/v2\/pages\/547\/revisions\/822"}],"wp:attachment":[{"href":"https:\/\/ladansedehyunah.fr\/index.php\/wp-json\/wp\/v2\/media?parent=547"}],"curies":[{"name":"wp","href":"https:\/\/api.w.org\/{rel}","templated":true}]}}